{"version":"1.0","provider_name":"Sergio Lapegue","provider_url":"https:\/\/sergiolapegue.com\/site","author_name":"Daniel E. Monta\u00f1a","author_url":"https:\/\/sergiolapegue.com\/site\/author\/daniel\/","title":"\"Edelmiro Molinari en La F\u00e1brica: Un Encuentro Legendario\" - Sergio Lapegue","type":"rich","width":600,"height":338,"html":"<blockquote class=\"wp-embedded-content\" data-secret=\"HuVLF1WWzI\"><a href=\"https:\/\/sergiolapegue.com\/site\/2025\/09\/03\/edelmiro-molinari-en-la-fabrica-un-encuentro-legendario\/\">&#8220;Edelmiro Molinari en La F\u00e1brica: Un Encuentro Legendario&#8221;<\/a><\/blockquote><iframe sandbox=\"allow-scripts\" security=\"restricted\" src=\"https:\/\/sergiolapegue.com\/site\/2025\/09\/03\/edelmiro-molinari-en-la-fabrica-un-encuentro-legendario\/embed\/#?secret=HuVLF1WWzI\" width=\"600\" height=\"338\" title=\"&#8220;&#8220;Edelmiro Molinari en La F\u00e1brica: Un Encuentro Legendario&#8221;&#8221; &#8212; Sergio Lapegue\" data-secret=\"HuVLF1WWzI\" frameborder=\"0\" marginwidth=\"0\" marginheight=\"0\" scrolling=\"no\" class=\"wp-embedded-content\"><\/iframe><script type=\"text\/javascript\">\n\/* <![CDATA[ *\/\n\/*! This file is auto-generated *\/\n!function(d,l){\"use strict\";l.querySelector&&d.addEventListener&&\"undefined\"!=typeof URL&&(d.wp=d.wp||{},d.wp.receiveEmbedMessage||(d.wp.receiveEmbedMessage=function(e){var t=e.data;if((t||t.secret||t.message||t.value)&&!\/[^a-zA-Z0-9]\/.test(t.secret)){for(var s,r,n,a=l.querySelectorAll('iframe[data-secret=\"'+t.secret+'\"]'),o=l.querySelectorAll('blockquote[data-secret=\"'+t.secret+'\"]'),c=new RegExp(\"^https?:$\",\"i\"),i=0;i<o.length;i++)o[i].style.display=\"none\";for(i=0;i<a.length;i++)s=a[i],e.source===s.contentWindow&&(s.removeAttribute(\"style\"),\"height\"===t.message?(1e3<(r=parseInt(t.value,10))?r=1e3:~~r<200&&(r=200),s.height=r):\"link\"===t.message&&(r=new URL(s.getAttribute(\"src\")),n=new URL(t.value),c.test(n.protocol))&&n.host===r.host&&l.activeElement===s&&(d.top.location.href=t.value))}},d.addEventListener(\"message\",d.wp.receiveEmbedMessage,!1),l.addEventListener(\"DOMContentLoaded\",function(){for(var e,t,s=l.querySelectorAll(\"iframe.wp-embedded-content\"),r=0;r<s.length;r++)(t=(e=s[r]).getAttribute(\"data-secret\"))||(t=Math.random().toString(36).substring(2,12),e.src+=\"#?secret=\"+t,e.setAttribute(\"data-secret\",t)),e.contentWindow.postMessage({message:\"ready\",secret:t},\"*\")},!1)))}(window,document);\n\/\/# sourceURL=https:\/\/sergiolapegue.com\/site\/wp-includes\/js\/wp-embed.min.js\n\/* ]]> *\/\n<\/script>\n","thumbnail_url":"https:\/\/sergiolapegue.com\/site\/wp-content\/uploads\/2025\/08\/WhatsApp-Image-2025-08-22-at-10.59.53-2.jpeg","thumbnail_width":1280,"thumbnail_height":852,"description":"El s\u00e1bado 13 de septiembre a las 20:30 hs, La F\u00e1brica (Fitz Roy 1245, Palermo) se convierte en el escenario perfecto para disfrutar de un show \u00edntimo, en vivo de Edelmiro Molinari, un artista emblem\u00e1tico de la m\u00fasica argentina. \u00bfQue es La f\u00e1brica? Un Nuevo Punto de Encuentro para la M\u00fasica y la Cultura en [&hellip;]"}

Daniel E. Montaña

"Edelmiro Molinari en La Fábrica: Un Encuentro Legendario" - Sergio Lapegue

<blockquote class="wp-embedded-content" data-secret="HuVLF1WWzI"><a href="https://sergiolapegue.com/site/2025/09/03/edelmiro-molinari-en-la-fabrica-un-encuentro-legendario/">&#8220;Edelmiro Molinari en La Fábrica: Un Encuentro Legendario&#8221;</a></blockquote><iframe sandbox="allow-scripts" security="restricted" src="https://sergiolapegue.com/site/2025/09/03/edelmiro-molinari-en-la-fabrica-un-encuentro-legendario/embed/#?secret=HuVLF1WWzI" width="600" height="338" title="&#8220;&#8220;Edelmiro Molinari en La Fábrica: Un Encuentro Legendario&#8221;&#8221; &#8212; Sergio Lapegue" data-secret="HuVLF1WWzI" frameborder="0" marginwidth="0" marginheight="0" scrolling="no" class="wp-embedded-content"></iframe><script type="text/javascript">
/* <![CDATA[ */
/*! This file is auto-generated */
!function(d,l){"use strict";l.querySelector&&d.addEventListener&&"undefined"!=typeof URL&&(d.wp=d.wp||{},d.wp.receiveEmbedMessage||(d.wp.receiveEmbedMessage=function(e){var t=e.data;if((t||t.secret||t.message||t.value)&&!/[^a-zA-Z0-9]/.test(t.secret)){for(var s,r,n,a=l.querySelectorAll('iframe[data-secret="'+t.secret+'"]'),o=l.querySelectorAll('blockquote[data-secret="'+t.secret+'"]'),c=new RegExp("^https?:$","i"),i=0;i<o.length;i++)o[i].style.display="none";for(i=0;i<a.length;i++)s=a[i],e.source===s.contentWindow&&(s.removeAttribute("style"),"height"===t.message?(1e3<(r=parseInt(t.value,10))?r=1e3:~~r<200&&(r=200),s.height=r):"link"===t.message&&(r=new URL(s.getAttribute("src")),n=new URL(t.value),c.test(n.protocol))&&n.host===r.host&&l.activeElement===s&&(d.top.location.href=t.value))}},d.addEventListener("message",d.wp.receiveEmbedMessage,!1),l.addEventListener("DOMContentLoaded",function(){for(var e,t,s=l.querySelectorAll("iframe.wp-embedded-content"),r=0;r<s.length;r++)(t=(e=s[r]).getAttribute("data-secret"))||(t=Math.random().toString(36).substring(2,12),e.src+="#?secret="+t,e.setAttribute("data-secret",t)),e.contentWindow.postMessage({message:"ready",secret:t},"*")},!1)))}(window,document);
//# sourceURL=https://sergiolapegue.com/site/wp-includes/js/wp-embed.min.js
/* ]]> */
</script>

El sábado 13 de septiembre a las 20:30 hs, La Fábrica (Fitz Roy 1245, Palermo) se convierte en el escenario perfecto para disfrutar de un show íntimo, en vivo de Edelmiro Molinari, un artista emblemático de la música argentina. ¿Que es La fábrica? Un Nuevo Punto de Encuentro para la Música y la Cultura en [&hellip;]
