{"version":"1.0","provider_name":"Sergio Lapegue","provider_url":"https:\/\/sergiolapegue.com\/site","author_name":"Leonardo Monta\u00f1a","author_url":"https:\/\/sergiolapegue.com\/site\/author\/leonardo\/","title":"8M: Necesidad de respuestas transformadoras - Sergio Lapegue","type":"rich","width":600,"height":338,"html":"<blockquote class=\"wp-embedded-content\" data-secret=\"T3imXa1jXK\"><a href=\"https:\/\/sergiolapegue.com\/site\/2024\/03\/08\/8m-necesidad-de-respuestas-transformadoras\/\">8M: Necesidad de respuestas transformadoras<\/a><\/blockquote><iframe sandbox=\"allow-scripts\" security=\"restricted\" src=\"https:\/\/sergiolapegue.com\/site\/2024\/03\/08\/8m-necesidad-de-respuestas-transformadoras\/embed\/#?secret=T3imXa1jXK\" width=\"600\" height=\"338\" title=\"&#8220;8M: Necesidad de respuestas transformadoras&#8221; &#8212; Sergio Lapegue\" data-secret=\"T3imXa1jXK\" frameborder=\"0\" marginwidth=\"0\" marginheight=\"0\" scrolling=\"no\" class=\"wp-embedded-content\"><\/iframe><script type=\"text\/javascript\">\n\/* <![CDATA[ *\/\n\/*! This file is auto-generated *\/\n!function(d,l){\"use strict\";l.querySelector&&d.addEventListener&&\"undefined\"!=typeof URL&&(d.wp=d.wp||{},d.wp.receiveEmbedMessage||(d.wp.receiveEmbedMessage=function(e){var t=e.data;if((t||t.secret||t.message||t.value)&&!\/[^a-zA-Z0-9]\/.test(t.secret)){for(var s,r,n,a=l.querySelectorAll('iframe[data-secret=\"'+t.secret+'\"]'),o=l.querySelectorAll('blockquote[data-secret=\"'+t.secret+'\"]'),c=new RegExp(\"^https?:$\",\"i\"),i=0;i<o.length;i++)o[i].style.display=\"none\";for(i=0;i<a.length;i++)s=a[i],e.source===s.contentWindow&&(s.removeAttribute(\"style\"),\"height\"===t.message?(1e3<(r=parseInt(t.value,10))?r=1e3:~~r<200&&(r=200),s.height=r):\"link\"===t.message&&(r=new URL(s.getAttribute(\"src\")),n=new URL(t.value),c.test(n.protocol))&&n.host===r.host&&l.activeElement===s&&(d.top.location.href=t.value))}},d.addEventListener(\"message\",d.wp.receiveEmbedMessage,!1),l.addEventListener(\"DOMContentLoaded\",function(){for(var e,t,s=l.querySelectorAll(\"iframe.wp-embedded-content\"),r=0;r<s.length;r++)(t=(e=s[r]).getAttribute(\"data-secret\"))||(t=Math.random().toString(36).substring(2,12),e.src+=\"#?secret=\"+t,e.setAttribute(\"data-secret\",t)),e.contentWindow.postMessage({message:\"ready\",secret:t},\"*\")},!1)))}(window,document);\n\/\/# sourceURL=https:\/\/sergiolapegue.com\/site\/wp-includes\/js\/wp-embed.min.js\n\/* ]]> *\/\n<\/script>\n","thumbnail_url":"https:\/\/sergiolapegue.com\/site\/wp-content\/uploads\/2024\/03\/8m02.jpg","thumbnail_width":960,"thumbnail_height":540,"description":"Las pol\u00edticas p\u00fablicas pueden ser diferenciadas en dos, aquellas que son transversales a toda la sociedad, y las particulares con foco en determinados grupos sociales, cuya ejecuci\u00f3n goza de un mayor grado de especificidad. Las pol\u00edticas de g\u00e9nero, que se encuentran en este \u00faltimo grupo, tienen el enorme desaf\u00edo de buscar la equidad social en [&hellip;]"}

Leonardo Montaña

Las políticas públicas pueden ser diferenciadas en dos, aquellas que son transversales a toda la sociedad, y las particulares con foco en determinados grupos sociales, cuya ejecución goza de un mayor grado de especificidad. Las políticas de género, que se encuentran en este último grupo, tienen el enorme desafío de buscar la equidad social en [&hellip;]
